s digit of 13777209?
3
What is the hundred millions digit of 2970083782?
9
What is the units digit of 8160995710?
0
What is the ten thousands digit of 48358149?
5
What is the hundred millions digit of 119066700?
1
What is the thousands digit of 938066326?
6
What is the millions digit of 103945804?
3
What is the thousands digit of 65714391?
4
What is the thousands digit of 5446815618?
5
What is the millions digit of 6066582412?
6
What is the ten millions digit of 13840694?
1
What is the hundreds digit of 58201921?
9
What is the hundred millions digit of 2730117253?
7
What is the ten thousands digit of 2471750942?
5
What is the hundred thousands digit of 422351097?
3
What is the ten thousands digit of 324805373?
0
What is the ten thousands digit of 68235452?
3
What is the ten millions digit of 34119627?
3
What is the hundreds digit of 13658856?
8
What is the ten thousands digit of 207373115?
7
What is the millions digit of 85690390?
5
What is the billions digit of 2573087843?
2
What is the millions digit of 100698406?
0
What is the thousands digit of 9099344?
9
What is the thousands digit of 43273744?
3
What is the units digit of 20728954?
4
What is the hundreds digit of 48498760?
7
What is the units digit of 4927038?
8
What is the thousands digit of 152046013?
6
What is the ten thousands digit of 5370222900?
2
What is the ten millions digit of 98046247?
9
What is the hundreds digit of 69241686?
6
What is the ten thousands digit of 599652670?
5
What is the ten millions digit of 68300336?
6
What is the ten thousands digit of 58343931?
4
What is the tens digit of 2474000210?
1
What is the hundreds digit of 635523485?
4
What is the ten thousands digit of 44145540?
4
What is the ten millions digit of 3454212017?
5
What is the ten thousands digit of 696463021?
6
What is the hundred thousands digit of 68523532?
5
What is the hundreds digit of 49665179?
1
What is the thousands digit of 378748992?
8
What is the millions digit of 1986598893?
6
What is the ten thousands digit of 50257817?
5
What is the units digit of 23867553?
3
What is the hundreds digit of 41278138?
1
What is the hundreds digit of 49366953?
9
What is the billions digit of 1661888618?
1
What is the billions digit of 1462200260?
1
What is the thousands digit of 1616354199?
4
What is the hundreds digit of 3540695811?
8
What is the ten thousands digit of 18624354?
2
What is the ten thousands digit of 4965012684?
1
What is the hundred thousands digit of 65060149?
0
What is the ten thousands digit of 59331280?
3
What is the hundreds digit of 83659618?
6
What is the tens digit of 1627291786?
8
What is the tens digit of 756160214?
1
What is the billions digit of 3512069784?
3
What is the units digit of 4975665684?
4
What is the ten millions digit of 156327016?
5
What is the tens digit of 1828825460?
6
What is the thousands digit of 2535859907?
9
What is the tens digit of 10860228?
2
What is the units digit of 50409089?
9
What is the hundreds digit of 1982258795?
7
What is the tens digit of 48530609?
0
What is the millions digit of 381495107?
1
What is the units digit of 251249788?
8
What is the hundred thousands digit of 384855058?
8
What is the hundreds digit of 71548504?
5
What is the ten thousands digit of 1537177?
3
What is the hundred thousands digit of 59361619?
3
What is the millions digit of 2460733252?
0
What is the billions digit of 3714334886?
3
What is the thousands digit of 389765661?
5
What is the billions digit of 2028981078?
2
What is the ten thousands digit of 823448032?
4
What is the units digit of 85164393?
3
What is the billions digit of 1612754510?
1
What is the ten thousands digit of 94535708?
3
What is the millions digit of 6881672?
6
What is the tens digit of 6946139747?
4
What is the hundred thousands digit of 193704013?
7
What is the hundreds digit of 50256911?
9
What is the tens digit of 358990669?
6
What is the billions digit of 1102306101?
1
What is the millions digit of 275007358?
5
What is the thousands digit of 796261?
6
What is the hundred thousands digit of 120426082?
4
What is the ten thousands digit of 524126138?
2
What is the thousands digit of 83264622?
4
What is the thousands digit of 18603177?
3
What is the millions digit of 2378964454?
8
What is the tens digit of 42545345?
4
What is the thousands digit of 36323441?
3
What is the units digit of 29089980?
0
What is the millions digit of 327701816?
7
What is the units digit of 861883270?
0
What is the thousands digit of 160834631?
4
What is the tens digit of 204499474?
7
What is the hundred thousands digit of 1456891110?
8
What is the thousands digit of 86950651?
0
What is the ten millions digit of 1901790201?
0
What is the ten millions digit of 2185225252?
8
What is the ten thousands digit of 27411056?
1
What is the hundred thousands digit of 75685144?
6
What is the tens digit of 21519370?
7
What is the units digit of 16538899?
9
What is the hundred millions digit of 702392046?
7
What is the ten thousands digit of 180563112?
6
What is the tens digit of 9873496?
9
What is the tens digit of 147837191?
9
What is the billions digit of 1479734189?
1
What is the ten millions digit of 31873874?
3
What is the tens digit of 95608314?
1
What is the thousands digit of 268154693?
4
What is the billions digit of 1091739863?
1
What is the tens digit of 2921503189?
8
What is the hundreds digit of 192848186?
1
What is the units digit of 1192619604?
4
What is the billions digit of 1163142947?
1
What is the thousands digit of 445472347?
2
What is the hundred millions digit of 305463318?
3
What is the thousands digit of 2275613177?
3
What is the ten millions digit of 264336940?
6
What is the ten millions digit of 291253178?
9
What is the thousands digit of 15718726?
8
What is the ten millions digit of 63063442?
6
What is the hundreds digit of 213834849?
8
What is the ten millions digit of 24714907?
2
What is the ten millions digit of 48407103?
4
What is the hundreds digit of 2512568227?
2
What is the hundred thousands digit of 6212392034?
3
What is the tens digit of 91278565?
6
What is the millions digit of 68633634?
8
What is the ten thousands digit of 158148547?
4
What is the tens digit of 296867717?
1
What is the hundred millions digit of 664563656?
6
What is the hundred millions digit of 561641489?
5
What is the billions digit of 3836717781?
3
What is the millions digit of 1339344577?
9
What is the thousands digit of 3418152819?
2
What is the ten millions digit of 277756541?
7
What is the ten millions digit of 51262345?
5
What is the thousands digit of 1327764554?
4
What is the millions digit of 84214183?
4
What is the thousands digit of 279538035?
8
What is the ten millions digit of 1125845515?
2
What is the hundreds digit of 1397357887?
8
What is the ten thousands digit of 269203270?
0
What is the ten millions digit of 233170029?
3
What is the hundred thousands digit of 15864388?
8
What is the thousands digit of 6425237824?
7
What is the ten thousands digit of 177540358?
4
What is the hundred millions digit of 120062479?
1
What is the tens digit of 307204019?
1
What is the thousands digit of 3575448490?
8
What is the hundreds digit of 154262365?
3
What is the millions digit of 111658034?
1
What is the hundred thousands digit of 1090675774?
6
What is the ten thousands digit of 94477262?
7
What is the millions digit of 379539581?
9
What is the billions digit of 1511718107?
1
What is the units digit of 73197070?
0
What is the hundreds digit of 542483900?
9
What is the ten thousands digit of 2973446340?
4
What is the millions digit of 255769008?
5
What is the ten thousands digit of 3121736778?
3
What is the hundred millions digit of 284985792?
2
What is the millions digit of 96127853?
6
What is the thousands digit of 6079663952?
3
What is the hundreds digit of 3151449198?
1
What is the hundred thousands digit of 24592147?
5
What is the ten thousands digit of 150910321?
1
What is the thousands digit of 2396437216?
7
What is the tens digit of 35962170?
7
What is the tens digit of 1781002441?
4
What is the millions digit of 1548926190?
8
What is the units digit of 62304810?
0
What is the tens digit of 300495403?
0
What is the hundreds digit of 160684265?
2
What is the hundreds digit of 2156230961?
9
What is the ten thous